ors of 57323?
7, 19, 431
List the prime factors of 492862.
2, 263, 937
What are the prime factors of 642271?
7, 91753
What are the prime factors of 10267304?
2, 73, 17581
List the prime factors of 5926302.
2, 3, 17, 107, 181
What are the prime factors of 279870?
2, 3, 5, 19, 491
What are the prime factors of 9599230?
2, 5, 409, 2347
List the prime factors of 2692795.
5, 7, 29, 379
What are the prime factors of 521730?
2, 3, 5, 11, 17, 31
What are the prime factors of 16130409?
3, 29, 37, 5011
What are the prime factors of 1708600?
2, 5, 8543
What are the prime factors of 1604331?
3, 178259
List the prime factors of 40260.
2, 3, 5, 11, 61
List the prime factors of 190100.
2, 5, 1901
What are the prime factors of 835545?
3, 5, 53, 1051
What are the prime factors of 1911949?
13, 147073
List the prime factors of 4550864.
2, 284429
What are the prime factors of 117908?
2, 7, 4211
What are the prime factors of 3004239?
3, 7, 107, 191
What are the prime factors of 4281554?
2, 431, 4967
What are the prime factors of 375565?
5, 31, 2423
List the prime factors of 8988934.
2, 4494467
List the prime factors of 6558416.
2, 409901
List the prime factors of 11370460.
2, 5, 568523
What are the prime factors of 929233?
19, 48907
What are the prime factors of 29283992?
2, 1783, 2053
What are the prime factors of 300443?
11, 13, 191
What are the prime factors of 14588739?
3, 11, 23, 43, 149
What are the prime factors of 1482402?
2, 3, 247067
What are the prime factors of 117127?
117127
List the prime factors of 1945753.
47, 41399
What are the prime factors of 123707?
123707
List the prime factors of 819159.
3, 11, 103, 241
List the prime factors of 1664665.
5, 332933
List the prime factors of 495010.
2, 5, 59, 839
List the prime factors of 253607.
253607
List the prime factors of 843955.
5, 7, 24113
What are the prime factors of 13384833?
3, 7, 11, 57943
List the prime factors of 1072016.
2, 11, 6091
What are the prime factors of 2466029?
19, 107, 1213
What are the prime factors of 377897?
13, 41, 709
List the prime factors of 1669040.
2, 5, 31, 673
List the prime factors of 131571.
3, 11, 443
What are the prime factors of 5399586?
2, 3, 299977
List the prime factors of 11401733.
7, 181, 8999
List the prime factors of 4561838.
2, 107, 21317
List the prime factors of 213476.
2, 83, 643
What are the prime factors of 252809?
241, 1049
What are the prime factors of 31924142?
2, 19, 840109
What are the prime factors of 750874?
2, 41, 9157
What are the prime factors of 63357?
3, 7, 431
What are the prime factors of 4924891?
257, 19163
List the prime factors of 811862.
2, 137, 2963
What are the prime factors of 2675888?
2, 29, 73, 79
What are the prime factors of 23272?
2, 2909
What are the prime factors of 236290?
2, 5, 23629
What are the prime factors of 3788549?
107, 35407
List the prime factors of 191895.
3, 5, 11, 1163
What are the prime factors of 4220251?
7, 337, 1789
List the prime factors of 253414.
2, 7, 23, 787
What are the prime factors of 6581545?
5, 463, 2843
What are the prime factors of 2363591?
83, 28477
What are the prime factors of 198076?
2, 23, 2153
List the prime factors of 58351.
23, 43, 59
List the prime factors of 20170096.
2, 19, 43, 1543
What are the prime factors of 246063?
3, 82021
What are the prime factors of 69568?
2, 1087
What are the prime factors of 3018286?
2, 1509143
What are the prime factors of 7574200?
2, 5, 37871
What are the prime factors of 151146?
2, 3, 311
What are the prime factors of 81987?
3, 27329
List the prime factors of 241671.
3, 80557
List the prime factors of 1033457.
1033457
List the prime factors of 1995083.
1995083
List the prime factors of 637006.
2, 318503
List the prime factors of 1572522.
2, 3, 7, 37441
What are the prime factors of 1121150?
2, 5, 17, 1319
List the prime factors of 141689.
141689
List the prime factors of 659647.
347, 1901
List the prime factors of 275364.
2, 3, 7649
List the prime factors of 134420.
2, 5, 11, 13, 47
List the prime factors of 15381200.
2, 5, 38453
What are the prime factors of 176597?
176597
What are the prime factors of 151512?
2, 3, 59, 107
List the prime factors of 9489168.
2, 3, 13, 37, 137
What are the prime factors of 3787369?
3787369
What are the prime factors of 3237238?
2, 1618619
List the prime factors of 12063891.
3, 7, 23, 24977
What are the prime factors of 6020444?
2, 1505111
What are the prime factors of 54432?
2, 3, 7
List the prime factors of 14417306.
2, 7208653
What are the prime factors of 832778?
2, 416389
List the prime factors of 284807.
284807
What are the prime factors of 22580?
2, 5, 1129
List the prime factors of 1934567.
47, 41161
List the prime factors of 83654.
2, 151, 277
What are the prime factors of 1408991?
1408991
List the prime factors of 2169049.
43, 73, 691
List the prime factors of 419855.
5, 131, 641
List the prime factors of 21905554.
2, 11, 17, 37, 1583
What are the prime factors of 4703842?
2, 11, 13, 16447
What are the prime factors of 1186161?
3, 113, 3499
What are the prime factors of 34942990?
2, 5, 17, 107, 113
What are the prime factors of 159699?
3, 53233
List the prime factors of 2437447.
1471, 1657
List the prime factors of 4691567.
4691567
List the prime factors of 3010581.
3, 7, 17, 937
List the prime factors of 208968.
2, 3, 8707
What are the prime factors of 77438?
2, 31, 1249
List the prime factors of 362591.
73, 4967
What are the prime factors of 5744078?
2, 73, 39343
What are the prime factors of 1155947?
13, 88919
What are the prime factors of 245248?
2, 479
What are the prime factors of 263348?
2, 65837
What are the prime factors of 2433031?
571, 4261
List the prime factors of 114166.
2, 13, 4391
What are the prime factors of 22371168?
2, 3, 467, 499
What are the prime factors of 313740?
2, 3, 5, 7, 83
List the prime factors of 7412814.
2, 3, 411823
What are the prime factors of 13393694?
2, 421, 15907
List the prime factors of 671052.
2, 3, 55921
List the prime factors of 1256795.
5, 251359
List the prime factors of 726058.
2, 73, 4973
What are the prime factors of 7694271?
3, 13, 7307
What are the prime factors of 689408?
2, 2693
List the prime factors of 4403168.
2, 7, 11, 1787
What are the prime factors of 757212?
2, 3, 89, 709
What are the prime factors of 11069443?
7, 11, 1867
What are the prime factors of 781921?
7, 37, 3019
What are the prime factors of 973464?
2, 3, 47, 863
What are the prime factors of 70935?
3, 5, 4729
What are the prime factors of 4346113?
139, 31267
What are the prime factors of 580660?
2, 5, 29033
What are the prime factors of 651079?
11, 13, 29, 157
What are the prime factors of 434116?
2, 108529
List the prime factors of 3045690.
2, 3, 5, 43, 787
What are the prime factors of 23656446?
2, 3, 11, 157, 761
List the prime factors of 4507167.
3, 7, 30661
What are the prime factors of 9944168?
2, 13, 95617
List the prime factors of 150673.
23, 6551
List the prime factors of 368815.
5, 17, 4339
What are the prime factors of 2205801?
3, 13, 17, 1109
What are the prime factors of 10858478?
2, 17, 59, 5413
List the prime factors of 12147081.
3, 1097, 3691
What are the prime factors of 359196?
2, 3, 37, 809
What are the prime factors of 2363547?
3, 461, 1709
List the prime factors of 12952523.
509, 25447
What are the prime factors of 10584567?
3, 7, 56003
List the prime factors of 1166394.
2, 3, 73, 2663
List the prime factors of 1618919.
317, 5107
List the prime factors of 1007433.
3, 7, 15991
What are the prime factors of 1455831?
3, 13, 23, 541
List the prime factors of 3519473.
3519473
What are the prime factors of 3192677?
3192677
List the prime factors of 144027.
3, 13, 1231
What are the prime factors of 13972?
2, 7, 499
What are the prime factors of 1306170?
2, 3, 5, 23, 631
List the prime factors of 733593.
3, 7, 181, 193
List the prime factors of 963371.
677, 1423
What are the prime factors of 89810?
2, 5, 7, 1283
What are the prime factors of 454629?
3, 7, 21649
List the prime factors of 10493494.
2, 11, 476977
What are the prime factors of 3745873?
83, 45131
List the prime factors of 405911.
11, 36901
List the prime factors of 692146.
2, 7, 13, 3803
List the prime factors of 6966418.
2, 3483209
What are the prime factors of 185806?
2, 61, 1523
List the prime factors of 1916144